 291, -4*z - 17 = 2*m - 195. What is the highest common factor of m and 632?
79
Let x(z) = -z - 1. Let l be x(-3). Suppose 3*w + 1 - 19 = 0. Suppose 0 = 5*u + w - 16. Calculate the highest common factor of u and l.
2
Let q = -21 - 0. Suppose -3*h + 21 = 3*j, -3*h + 8*j = 7*j - 9. Let c be (-6 + q)/((-2)/h). Calculate the highest common divisor of 36 and c.
18
Suppose -f = -29 + 23. Suppose -f*r + 9 = -3*r. Suppose 28*x - r = 27*x. What is the greatest common factor of 3 and x?
3
Let r(o) = -o**3 - 5*o**2 - 4*o - 4. Let h be r(-6). What is the highest common divisor of h and 28?
28
Let f be (82/(-26) - 21/(-7)) + (-1653285)/(-741). What is the greatest common factor of f and 194?
97
Suppose -5*l = 26*l - 3*l - 3276. Suppose 0*v = 4*v - 72. What is the highest common factor of v and l?
9
Let h(s) = -s**2 + 6*s + 81. Let t be h(12). Let d be 6450/(-20)*(-12)/t. What is the greatest common divisor of d and 10?
10
Let q be (236/(-177))/(2/(-3111)). What is the greatest common factor of 34 and q?
34
Suppose 4*n = n + 18. Suppose 124 = 3*p - g, -13*g + 9*g - 856 = -20*p. What is the highest common factor of n and p?
3
Suppose 0 = 346*x - 207*x - 52820. Calculate the greatest common divisor of x and 20.
20
Suppose -4*q - 5*d = -4144 + 1434, 2724 = 4*q - 2*d. Suppose -2*b - 106 + q = 0. Let x be (9 + -173)*(-16)/64. Calculate the highest common divisor of x and b.
41
Suppose -4*q = -4*j + 8 - 40, -3*q - 5*j = -56. Let u = -58 - -85. What is the greatest common divisor of u and q?
3
Suppose -10*c = -5*c. Let n be -5*6/(-15) - c. Suppose -2*m + 3*d + 9 = n*d, -7 = -m - 2*d. Calculate the highest common divisor of 35 and m.
5
Suppose -76 = -4*m + 4*h, 2*m - 19 = m - 2*h. Suppose 50*u - 60 = 45*u. Let s be ((-95)/(-4))/(5 + (-57)/u). What is the highest common divisor of m and s?
19
Suppose 5*u = 4*u - 10. Let j(q) = 8*q - 3*q**2 + 2*q**2 - q**2 + 3*q**2. Let r be j(u). Calculate the greatest common factor of 4 and r.
4
Suppose 73*c = 92*c - 14744. What is the highest common factor of c and 8?
8
Let f = -1557 + 2044. Let g be (0 + 1 + 68)/(-1). Let j = f + g. What is the highest common divisor of 38 and j?
38
Let j = -1826 + 1822. Let k(d) = 5*d**3 + 2*d - 2*d**3 - 4*d**3. Let g be k(j). What is the highest common divisor of 14 and g?
14
Suppose 2*k - k - 95 = 0. Let g = -92964 + 92983. Calculate the highest common factor of k and g.
19
Let o be 0 + 11 - (150 + -148). Calculate the greatest common divisor of 2313 and o.
9
Let h(g) = 588*g**3 + g**2. Let x be h(1). Suppose 0 = -3*k - 216 + 234, 2*l - 14 = 4*k. What is the greatest common factor of l and x?
19
Let a(u) be the second derivative of 2*u**2 - 1/3*u**3 + 0 - 16*u. Let o be a(-8). What is the greatest common divisor of 70 and o?
10
Let g be (0 + 15)*(-4)/12. Let u be 2*((g - -4) + -1). Let h be u/(-14) - (-24)/(-14)*-8. Calculate the highest common divisor of h and 14.
14
Let y = -204 + 164. Let t be (y/6)/((-32)/624). What is the highest common factor of t and 20?
10
Let v(t) = t + 1. Suppose 6 = -0*n + 6*n. Let p(i) = -2. Let q(z) = n*v(z) + p(z). Let y be q(5). Calculate the highest common factor of y and 6.
2
Let r be -10 + 345/9 + -13 + 12/(-9). Calculate the highest common factor of 40446 and r.
14
Suppose -16*t + 48 + 128 = 0. Suppose -2*p + 3*y + y + 232 = 0, -2*p + 205 = 5*y. Suppose 0*i + 2*i - p = 0. Calculate the highest common factor of t and i.
11
Let y be (10/3)/(15*(-6)/(-540)). What is the highest common factor of y and 380?
20
Let k be (-11)/((-66)/(-18)) - -6. Let q be 21 + k/(-4)*4. Calculate the highest common divisor of q and 45.
9
Suppose 45*v + 974 = 48*v + 5*p, -3*v = -p - 1004. Suppose 0*j - 5*j = -185. What is the greatest common divisor of j and v?
37
Let z(n) = n**2 + 10*n - 92. Let c be z(-16). Suppose -c*r + 5*r - a = 1138, 0 = 5*r - 4*a - 5688. Calculate the highest common factor of r and 71.
71
Suppose 3*q = -f - 1674, 5*f - 317 = 2*q + 816. Let b be q + 5/((-2)/(-2)). Let k = -316 - b. Calculate the highest common factor of k and 14.
14
Suppose -23*h = -15*h - 40. Suppose h*q - 103 + 10 = -2*n, 4*n - 2*q - 222 = 0. Calculate the highest common divisor of n and 108.
54
Let t be (14688/26)/6 + 6/(-39). Suppose -n + 97 = t. Calculate the highest common divisor of 75 and n.
3
Suppose -3*u = 5*u - 1504. Let g = -338 - -933. Suppose -3*j - 4*l + 169 + u = 0, 5*j + 2*l = g. What is the greatest common divisor of 7 and j?
7
Let t be (-7 - (-98)/(7 - 0)) + 34. Suppose 0*w - 5*g + 2583 = 3*w, -w + 4*g + 861 = 0. Suppose 4*i = i + w. What is the highest common factor of i and t?
41
Let h be (-318)/(-15) - 13/65. Let s be 72/h*(-126)/(-2). What is the greatest common divisor of 48 and s?
24
Suppose 4*d = -i + 10941, -20*d - 2*i + 2730 = -19*d. What is the greatest common factor of d and 432?
144
Let c(l) = l**2 + 5*l - 41. Let o be c(-14). Let b be 4*(-2)/(-10) - 1880/(-25). Suppose 5*k - 9 = b. What is the highest common factor of o and k?
17
Let x = -8512 - -8596. What is the highest common factor of x and 182?
14
Let y(o) be the first derivative of o**2 + 10*o - 19. Let i be y(-2). Let k be (-399)/(-12) + i/8. What is the highest common factor of k and 272?
34
Let x be 3/6 + (-345)/(-6). Let r = x - -53. Calculate the highest common factor of r and 37.
37
Let d be 1*1/3 - (-350)/3. Suppose 26*o - d = 39. Let q be (9/2)/((-6)/(-8)). Calculate the greatest common divisor of o and q.
6
Let q(a) = 3*a**3 + 9*a**2 - 15*a + 4. Let o be q(5). Let r = o + -520. What is the highest common divisor of 909 and r?
9
Suppose c + 5*f - 49 = 0, 4*c = 262*f - 260*f + 42. What is the highest common divisor of 1141 and c?
7
Suppose 1 = -l + 4. Suppose m = 2*w - 161, 237 = 3*w - l*m + 6*m. Let n = 69 - 49. What is the highest common divisor of n and w?
20
Let o = 942 + -632. Let t = o + -210. Suppose -4*s + 9*s - t = 0. Calculate the highest common factor of 160 and s.
20
Suppose -688 = 8*h + 32. Let m be (2/6)/(((-95)/h)/19). Calculate the highest common factor of 18 and m.
6
Suppose 4*q = 51 + 461. Let l(y) = y - 4. Let m be l(12). Calculate the greatest common divisor of m and q.
8
Let r be ((-26)/6 + 0)/(4/3312*-23). What is the highest common factor of r and 1536?
12
Suppose -12*g + 1375 = -5177. Let l be 49 + 8/(-4) + 4 + -9. What is the greatest common divisor of l and g?
42
Let l = 1657 + -326. Let a be 3/7*924/36. What is the greatest common factor of a and l?
11
Let d be (-35 - -30) + 3/(-6)*-16. Calculate the greatest common divisor of 393 and d.
3
Suppose 26*o - 222 = 1442. Let w be 1/4 + (-21)/(-12). Let h be 1*w/3*12. Calculate the greatest common divisor of o and h.
8
Suppose 21036 = -9*m + 5*m. Let j be m/(-45) + 12/90. Calculate the highest common divisor of j and 54.
9
Suppose 0*z - 204 = 6*z. Let o = 88 + z. Let u = -44 + o. What is the highest common divisor of 4 and u?
2
Let x(b) = b**3 - 19*b**2 + 44*b + 2. Let m be x(18). Let a = m - 281. Calculate the highest common factor of 42 and a.
21
Let w be -2*(765/(-15) + -12). Calculate the greatest common divisor of w and 3906.
126
Suppose -4*c + 326 = 2*j, 17*c - 21*c = 20. Suppose -j - 79 = -21*z. What is the greatest common factor of 516 and z?
12
Let c be ((-12)/1)/(-4) - 0. Let x(y) = 13*y + 6 - c*y - 3 + 3*y**2 - 1. Let t be x(-4). What is the greatest common factor of t and 2?
2
Let a be 98685/162 + 10/12. Let f = -434 + a. Calculate the greatest common factor of f and 44.
44
Let q be (5 - 0)/(-5) + 13. Let v be 217/4 + -1*3/q. Let t = -52 + v. Calculate the greatest common factor of t and 2.
2
Let y be 1 - (-12)/(-2) - (-4 - -14 - 88). What is the greatest common factor of y and 16206?
73
Let a be 56/(-26) - -2 - 99000/(-2145). What is the highest common divisor of 11 and a?
1
Let v(b) = 15*b - 86. Let q be v(7). Suppose 29*z - q*z = 2420. Let a be 178/8 - 2/8. What is the highest common factor of a and z?
22
Suppose -7*y + 68 = -11*y. Let k = -98 - y. Let h = 136 + k. What is the highest common factor of 11 and h?
11
Suppose -110 = -f - 18. Let a = 114432 - 114317. Calculate the greatest common divisor of f and a.
23
Suppose 4*j - 81561 = 5*s, 182*j - 180*j - 4*s = 40776. Calculate the highest common factor of j and 9.
9
Let o(q) = -27*q - 162. Let n be o(-10). Let t(f) = 0*f + 3 + 3 - 3*f. Let a be t(-7). What 